he remainder when 1569 is divided by 21.
15
Calculate the remainder when 561404 is divided by 326.
32
What is the remainder when 16686 is divided by 2084?
14
Calculate the remainder when 344435 is divided by 736.
723
What is the remainder when 311329 is divided by 28?
25
What is the remainder when 56718 is divided by 46?
0
Calculate the remainder when 36012 is divided by 522.
516
Calculate the remainder when 1427 is divided by 678.
71
What is the remainder when 105121 is divided by 125?
121
Calculate the remainder when 7576 is divided by 28.
16
Calculate the remainder when 107319 is divided by 53608.
103
What is the remainder when 404 is divided by 137?
130
Calculate the remainder when 9773 is divided by 103.
91
What is the remainder when 6567 is divided by 3277?
13
Calculate the remainder when 1603 is divided by 216.
91
What is the remainder when 2849241 is divided by 1474?
1473
What is the remainder when 999859 is divided by 81?
76
Calculate the remainder when 7070 is divided by 154.
140
What is the remainder when 211218 is divided by 528?
18
What is the remainder when 1610 is divided by 782?
46
What is the remainder when 33877 is divided by 532?
361
Calculate the remainder when 30992 is divided by 15495.
2
Calculate the remainder when 4466 is divided by 63.
56
Calculate the remainder when 2140 is divided by 436.
396
What is the remainder when 10248 is divided by 4604?
1040
What is the remainder when 15601 is divided by 565?
346
Calculate the remainder when 25944 is divided by 4319.
30
Calculate the remainder when 2159 is divided by 2130.
29
Calculate the remainder when 137266 is divided by 134.
50
Calculate the remainder when 7779 is divided by 205.
194
What is the remainder when 11906 is divided by 3785?
551
Calculate the remainder when 872 is divided by 836.
36
What is the remainder when 5178 is divided by 273?
264
What is the remainder when 22245 is divided by 3706?
9
Calculate the remainder when 8223 is divided by 223.
195
What is the remainder when 1191 is divided by 110?
91
What is the remainder when 15614 is divided by 23?
20
What is the remainder when 6247 is divided by 241?
222
Calculate the remainder when 317 is divided by 310.
7
What is the remainder when 3020 is divided by 988?
56
What is the remainder when 30721 is divided by 1921?
1906
Calculate the remainder when 2335 is divided by 390.
385
What is the remainder when 589278 is divided by 231?
228
What is the remainder when 389652 is divided by 191?
12
Calculate the remainder when 35146 is divided by 52.
46
Calculate the remainder when 1001 is divided by 306.
83
What is the remainder when 170085 is divided by 114?
111
Calculate the remainder when 63542 is divided by 89.
85
What is the remainder when 7692 is divided by 38?
16
What is the remainder when 10980 is divided by 289?
287
What is the remainder when 121947 is divided by 425?
397
Calculate the remainder when 27241 is divided by 358.
33
What is the remainder when 2065 is divided by 435?
325
What is the remainder when 56251 is divided by 367?
100
What is the remainder when 1594969 is divided by 291?
289
What is the remainder when 8838 is divided by 2209?
2
What is the remainder when 20667 is divided by 37?
21
What is the remainder when 566887 is divided by 956?
935
What is the remainder when 30451 is divided by 14592?
1267
What is the remainder when 3117071 is divided by 168?
167
What is the remainder when 89765 is divided by 29915?
20
Calculate the remainder when 93127 is divided by 9303.
97
What is the remainder when 1106 is divided by 131?
58
Calculate the remainder when 93343 is divided by 49.
47
What is the remainder when 2319 is divided by 58?
57
What is the remainder when 99547 is divided by 19908?
7
Calculate the remainder when 19916 is divided by 1414.
120
Calculate the remainder when 24775 is divided by 381.
10
Calculate the remainder when 12874 is divided by 16.
10
Calculate the remainder when 25458 is divided by 13.
4
Calculate the remainder when 67288 is divided by 7475.
13
What is the remainder when 8262 is divided by 88?
78
Calculate the remainder when 1402 is divided by 279.
7
Calculate the remainder when 2463 is divided by 62.
45
What is the remainder when 14450 is divided by 1190?
170
What is the remainder when 216797 is divided by 20?
17
What is the remainder when 12298 is divided by 12?
10
Calculate the remainder when 9664 is divided by 2413.
12
What is the remainder when 171842 is divided by 666?
14
What is the remainder when 8321 is divided by 862?
563
What is the remainder when 20832 is divided by 6870?
222
What is the remainder when 10652 is divided by 48?
44
Calculate the remainder when 24755 is divided by 524.
127
Calculate the remainder when 458886 is divided by 453.
450
Calculate the remainder when 5345 is divided by 306.
143
Calculate the remainder when 17795 is divided by 889.
15
What is the remainder when 1132 is divided by 177?
70
Calculate the remainder when 35537 is divided by 202.
187
What is the remainder when 3528 is divided by 704?
8
Calculate the remainder when 13581 is divided by 130.
61
Calculate the remainder when 5048 is divided by 4847.
201
What is the remainder when 11663 is divided by 144?
143
Calculate the remainder when 34190 is divided by 17055.
80
What is the remainder when 53325 is divided by 2666?
5
What is the remainder when 15483 is divided by 4692?
1407
What is the remainder when 161464 is divided by 16?
8
What is the remainder when 55739 is divided by 362?
353
What is the remainder when 38634 is divided by 107?
7
What is the remainder when 575131 is divided by 25?
6
What is the remainder when 5623 is divided by 2790?
43
What is the remainder when 405005 is divided by 23?
21
Calculate the remainder when 44406 is divided by 14.
12
Calculate the remainder when 12370 is divided by 252.
22
What is the remainder when 13297 is divided by 2659?
2
What is the remainder when 58643 is divided by 42?
11
What is the remainder when 3082 is divided by 28?
2
Calculate the remainder when 20722 is divided by 20670.
52
What is the remainder when 1914334 is divided by 72?
70
What is the remainder when 14188 is divided by 308?
20
What is the remainder when 13469 is divided by 1038?
1013
Calculate the remainder when 336 is divided by 152.
32
Calculate the remainder when 88898 is divided by 44449.
0
Calculate the remainder when 31943 is divided by 25.
18
Calculate the remainder when 1047 is divided by 44.
35
Calculate the remainder when 2327 is divided by 16.
7
What is the remainder when 7434 is divided by 1841?
70
Calculate the remainder when 637139 is divided by 148.
147
Calculate the remainder when 190332 is divided by 7613.
7
Calculate the remainder when 1153 is divided by 527.
99
What is the remainder when 799087 is divided by 52?
3
What is the remainder when 285718 is divided by 40?
38
What is the remainder when 144536 is divided by 2?
0
Calculate the remainder when 12365 is divided by 3091.
1
Calculate the remainder when 31346 is divided by 357.
287
What is the remainder when 1417916 is divided by 708957?
2
What is the remainder when 433 is divided by 88?
81
What is the remainder when 26384 is divided by 8788?
20
What is the remainder when 46367 is divided by 374?
365
What is the remainder when 121538 is divided by 15?
8
What is the remainder when 558200 is divided by 98?
90
Calculate the remainder when 40164 is divided by 287.
271
Calculate the remainder when 99209 is divided by 1947.
1859
What is the remainder when 4836 is divided by 127?
10
Calculate the remainder when 2924 is divided by 125.
49
What is the remainder when 7900 is divided by 7878?
22
Calculate the remainder when 1294456 is divided by 242.
240
Calculate the remainder when 38112 is divided by 55.
52
Calculate the remainder when 4710 is divided by 53.
46
What is the remainder when 24936 is divided by 22?
10
What is the remainder when 7966 is divided by 1926?
262
What is the remainder when 4685 is divided by 34?
27
What is the remainder when 5634 is divided by 1188?
882
What is the remainder when 27536 is divided by 3430?
96
Calculate the remainder when 15942 is divided by 350.
192
What is the remainder when 19914 is divided by 9603?
708
Calculate the remainder when 2495 is divided by 822.
29
Calculate the remaind